{"id":89,"date":"2025-08-16T13:36:36","date_gmt":"2025-08-16T13:36:36","guid":{"rendered":"https:\/\/stolarstwo-kasperczyk.pl\/?page_id=89"},"modified":"2025-08-16T13:50:18","modified_gmt":"2025-08-16T13:50:18","slug":"89-2","status":"publish","type":"page","link":"https:\/\/stolarstwo-kasperczyk.pl\/index.php\/89-2\/","title":{"rendered":"O NAS"},"content":{"rendered":"\n<p><\/p>\n\n\n\n<div class=\"wp-block-group alignfull\"><div class=\"wp-block-group__inner-container is-layout-flow wp-block-group-is-layout-flow\">\n<div class=\"wp-block-group alignfull\" style=\"margin-top:0;margin-bottom:0\"><div class=\"wp-block-group__inner-container is-layout-constrained wp-block-group-is-layout-constrained\">\n<div class=\"wp-block-cover alignfull\" style=\"margin-top:0;margin-bottom:0;padding-top:var(--wp--preset--spacing--superbspacing-xxlarge);padding-right:var(--wp--preset--spacing--superbspacing-medium);padding-bottom:var(--wp--preset--spacing--superbspacing-xxlarge);padding-left:var(--wp--preset--spacing--superbspacing-medium);min-height:600px;aspect-ratio:unset;\"><img decoding=\"async\" class=\"wp-block-cover__image-background wp-image-3453\" alt=\"\" src=\"https:\/\/stolarstwo-kasperczyk.pl\/wp-content\/uploads\/2025\/08\/fill-image16.jpg\" style=\"object-position:50% 50%\" data-object-fit=\"cover\" data-object-position=\"50% 50%\"\/><span aria-hidden=\"true\" class=\"wp-block-cover__background has-background-dim\"><\/span><div class=\"wp-block-cover__inner-container is-layout-constrained wp-container-core-cover-is-layout-b299b26f wp-block-cover-is-layout-constrained\">\n<p><strong>O NAS<\/strong><\/p>\n\n\n\n<p><mark style=\"background-color:rgba(0, 0, 0, 0)\" class=\"has-inline-color has-white-color\"><strong>Witamy na\u00a0stronie firmy\u00a0STOLARSTWO KASPERCZYK.\u00a0Od\u00a01992 roku zajmujemy si\u0119 produkcj\u0105 mebli na\u00a0wymiar na\u00a0rynku polskim. G\u0142\u00f3wnym obszarem naszej dzia\u0142alno\u015bci jest rejon \u015al\u0105ska i\u00a0Zag\u0142\u0119bia. Jeste\u015bmy firm\u0105, kt\u00f3rej\u00a0najwi\u0119kszym celem jest zaspokajanie potrzeb klient\u00f3w, zar\u00f3wno indywidualnych jak i\u00a0firmowych. Dok\u0142adamy wszelkich stara\u0144, aby meble wychodz\u0105ce spod naszej r\u0119ki zadowala\u0142y jak najszersze grono odbiorc\u00f3w. To\u00a0w\u0142a\u015bnie wsp\u00f3\u0142praca z\u00a0naszymi Klientami pozwala nam na\u00a0tworzenie najbardziej wyj\u0105tkowych szaf i\u00a0mebli oraz schod\u00f3w, kt\u00f3re od\u00a0wielu lat z\u00a0powodzeniem s\u0142u\u017c\u0105 w\u00a0codziennym u\u017cytkowaniu.<\/strong><\/mark><\/p>\n\n\n\n<hr class=\"wp-block-separator has-alpha-channel-opacity\"\/>\n\n\n\n<p><strong><mark style=\"background-color:rgba(0, 0, 0, 0)\" class=\"has-inline-color has-white-color\">Aby wykona\u0107 wycen\u0119, kt\u00f3ra b\u0119dzie w pe\u0142ni adekwatna do Pa\u0144stwa potrzeb i oczekiwa\u0144 zapraszamy do odwiedzenia naszej firmy. Na miejscu mo\u017cemy om\u00f3wi\u0107, a tak\u017ce zaproponowa\u0107 rozwi\u0105zania dostosowane do Pa\u0144stwa oczekiwa\u0144, w tym r\u00f3wnie\u017c finansowych.\u00a0Cechuje nas dobra jako\u015b\u0107 materia\u0142\u00f3w, solidne wykonanie, profesjonalna obs\u0142uga, szybki monta\u017c u klienta, kr\u00f3tkie terminy realizacji, konkurencyjna cena.<\/mark><\/strong><\/p>\n\n\n\n<hr class=\"wp-block-separator has-alpha-channel-opacity\"\/>\n\n\n\n<p><mark style=\"background-color:rgba(0, 0, 0, 0)\" class=\"has-inline-color has-white-color\"><strong>R\u00f3\u017cnorodno\u015b\u0107 naszej oferty pozwala nam na\u00a0realizacj\u0119 zam\u00f3wie\u0144 dla szerokiego grona Klient\u00f3w.\u00a0Nasze meble s\u0105\u00a0wygodne i\u00a0intuicyjne w\u00a0u\u017cytkowaniu a\u00a0przy tym charakteryzuj\u0105 si\u0119 doskona\u0142ym designem na\u00a0najwy\u017cszym poziomie.\u00a0Zajmujemy si\u0119 r\u00f3wnie\u017c produkcj\u0105 szaf z\u00a0drzwiami przesuwnymi, kt\u00f3re z\u00a0powodzeniem znajduj\u0105 zastosowanie w\u00a0przedpokoju, sypialni, garderobie czy\u00a0biurze.\u00a0Nasza firma zajmuje si\u0119 r\u00f3wnie\u017c produkcj\u0105 i monta\u017cem klasycznych drewnianych schod\u00f3w \u00a0z balustradami lub bez.<\/strong><\/mark><\/p>\n\n\n\n<hr class=\"wp-block-separator has-alpha-channel-opacity\"\/>\n\n\n\n<p><strong><mark style=\"background-color:rgba(0, 0, 0, 0)\" class=\"has-inline-color has-white-color\">Zdobyte do\u015bwiadczenie w\u00a0bran\u017cy stolarskiej, stosowanie sprawdzonych materia\u0142\u00f3w o\u00a0wysokiej jako\u015bci, terminowo\u015b\u0107 wykonania to\u00a0gwarancja powstania solidnych i\u00a0trwa\u0142ych mebli, kt\u00f3re s\u0142u\u017cy\u0107 Wam b\u0119d\u0105 przez\u00a0wiele lat.<\/mark><\/strong><\/p>\n<\/div><\/div>\n<\/div><\/div>\n<\/div><\/div>\n","protected":false},"excerpt":{"rendered":"<p> [&hellip;]<\/p>\n","protected":false},"author":1,"featured_media":0,"parent":0,"menu_order":0,"comment_status":"closed","ping_status":"closed","template":"","meta":{"om_disable_all_campaigns":false,"_monsterinsights_skip_tracking":false,"_monsterinsights_sitenote_active":false,"_monsterinsights_sitenote_note":"","_monsterinsights_sitenote_category":0,"footnotes":""},"class_list":["post-89","page","type-page","status-publish","hentry"],"aioseo_notices":[],"_links":{"self":[{"href":"https:\/\/stolarstwo-kasperczyk.pl\/index.php\/wp-json\/wp\/v2\/pages\/89","targetHints":{"allow":["GET"]}}],"collection":[{"href":"https:\/\/stolarstwo-kasperczyk.pl\/index.php\/wp-json\/wp\/v2\/pages"}],"about":[{"href":"https:\/\/stolarstwo-kasperczyk.pl\/index.php\/wp-json\/wp\/v2\/types\/page"}],"author":[{"embeddable":true,"href":"https:\/\/stolarstwo-kasperczyk.pl\/index.php\/wp-json\/wp\/v2\/users\/1"}],"replies":[{"embeddable":true,"href":"https:\/\/stolarstwo-kasperczyk.pl\/index.php\/wp-json\/wp\/v2\/comments?post=89"}],"version-history":[{"count":4,"href":"https:\/\/stolarstwo-kasperczyk.pl\/index.php\/wp-json\/wp\/v2\/pages\/89\/revisions"}],"predecessor-version":[{"id":100,"href":"https:\/\/stolarstwo-kasperczyk.pl\/index.php\/wp-json\/wp\/v2\/pages\/89\/revisions\/100"}],"wp:attachment":[{"href":"https:\/\/stolarstwo-kasperczyk.pl\/index.php\/wp-json\/wp\/v2\/media?parent=89"}],"curies":[{"name":"wp","href":"https:\/\/api.w.org\/{rel}","templated":true}]}}